{"id":1263,"date":"2020-06-08T08:11:00","date_gmt":"2020-06-08T11:11:00","guid":{"rendered":"https:\/\/ensleones-cba.infd.edu.ar\/sitio\/?page_id=1263"},"modified":"2026-04-08T09:43:27","modified_gmt":"2026-04-08T12:43:27","slug":"vacantes-nivel-secundario","status":"publish","type":"page","link":"https:\/\/ensleones-cba.infd.edu.ar\/sitio\/vacantes-nivel-secundario\/","title":{"rendered":"Vacantes &#8211; Nivel Secundario"},"content":{"rendered":"\n<p><\/p>\n\n\n\n<figure class=\"wp-block-image size-full\"><a href=\"2.\thttps:\/\/coordinadordecursocordoba.files.wordpress.com\/2013\/08\/memo-procedimiento-administrativo-seleccion-coordinador-de-curso-25-julio-2013.pdf   \"><img decoding=\"async\" loading=\"lazy\" width=\"775\" height=\"829\" src=\"https:\/\/ensleones-cba.infd.edu.ar\/sitio\/wp-content\/uploads\/2024\/08\/image-3.png\" alt=\"\" class=\"wp-image-1520\" srcset=\"https:\/\/ensleones-cba.infd.edu.ar\/sitio\/wp-content\/uploads\/2024\/08\/image-3.png 775w, https:\/\/ensleones-cba.infd.edu.ar\/sitio\/wp-content\/uploads\/2024\/08\/image-3-768x822.png 768w\" sizes=\"(max-width: 775px) 100vw, 775px\" \/><\/a><\/figure>\n\n\n\n<p>                                                 2.- <a href=\"https:\/\/coordinadordecursocordoba.wordpress.com\/wp-content\/uploads\/2013\/08\/memo-procedimiento-administrativo-seleccion-coordinador-de-curso-25-julio-2013.pdf\">https:\/\/coordinadordecursocordoba.wordpress.com\/wp-content\/uploads\/2013\/08\/memo-procedimiento-administrativo-seleccion-coordinador-de-curso-25-julio-2013.pdf<\/a><\/p>\n\n\n\n<p>                                                 3.- RESOLUCI\u00d3N MINISTERIAL N\u00ba 0967\/2009 \u2013 ALCANCE DE T\u00cdTULOS.<\/p>\n\n\n\n<p>                                                 <a href=\"https:\/\/coordinadordecursocordoba.files.wordpress.com\/2013\/08\/resolucion-nc2b0-967-alcance-de-titulos.pdf\">https:\/\/coordinadordecursocordoba.files.wordpress.com\/2013\/08\/resolucion-nc2b0-967-alcance-de-titulos.pdf<\/a><\/p>\n\n\n\n<p>                                                 4.- FUNCIONES Y ROL DEL COORDINADOR DE CURSO EN BLOG: coordinadordecursocordoba.wordpress.com<\/p>\n\n\n\n<p>                          <strong>Cualquier <em><u>omisi\u00f3n<\/u><\/em> de alg\u00fan requisito: SER\u00c1 CAUSAL DE NULIDAD PARA PARTICIPAR EN LA CONVOCATORIA.<\/strong><\/p>\n\n\n\n<hr class=\"wp-block-separator has-alpha-channel-opacity\"\/>\n\n\n\n<p>Cargo a cubrir: COORDINADOR\/A DE CURSO<\/p>\n\n\n\n<figure class=\"wp-block-image size-full\"><img decoding=\"async\" src=\"https:\/\/ensleones-cba.infd.edu.ar\/sitio\/wp-content\/uploads\/2023\/09\/Cordinador-de-curso-2.jpg\" alt=\"\" class=\"wp-image-1464\"\/><\/figure>\n\n\n\n<p>Link: <a href=\"https:\/\/ensleones-cba.infd.edu.ar\/sitio\/wp-content\/uploads\/2023\/09\/Cordinador-de-curso.pdf\">https:\/\/ensleones-cba.infd.edu.ar\/sitio\/wp-content\/uploads\/2023\/09\/Cordinador-de-curso.pdf<\/a><\/p>\n\n\n\n<figure class=\"wp-block-image size-full is-resized\"><img decoding=\"async\" loading=\"lazy\" src=\"https:\/\/ensleones-cba.infd.edu.ar\/sitio\/wp-content\/uploads\/2024\/07\/image.png\" alt=\"\" class=\"wp-image-1510\" width=\"842\" height=\"811\"\/><\/figure>\n\n\n\n<figure class=\"wp-block-image size-full\"><img decoding=\"async\" loading=\"lazy\" width=\"736\" height=\"130\" src=\"https:\/\/ensleones-cba.infd.edu.ar\/sitio\/wp-content\/uploads\/2024\/07\/image-3.png\" alt=\"\" class=\"wp-image-1513\"\/><\/figure>\n\n\n\n<p>2 &#8211; CURSO. <a href=\"https:\/\/coordinadordecursocordoba.files.wordpress.com\/2013\/08\/memo-procedimiento-administrativo-seleccion-coordinador-de-curso-25-julio-2013.pdf\">https:\/\/coordinadordecursocordoba.files.wordpress.com\/2013\/08\/memo-procedimiento-administrativo-seleccion-coordinador-de-curso-25-julio-2013.pdf<\/a><\/p>\n\n\n\n<p>3.- RESOLUCI\u00d3N MINISTERIAL N\u00ba 0967\/2009 \u2013 ALCANCE DE T\u00cdTULOS.<\/p>\n\n\n\n<p><a href=\"https:\/\/coordinadordecursocordoba.files.wordpress.com\/2013\/08\/resolucion-nc2b0-967-alcance-de-titulos.pdf\">https:\/\/coordinadordecursocordoba.files.wordpress.com\/2013\/08\/resolucion-nc2b0-967-alcance-de-titulos.pdf<\/a><\/p>\n\n\n\n<p>4.- FUNCIONES Y ROL DEL COORDINADOR DE CURSO EN BLOG: coordinadordecursocordoba.wordpress.com<\/p>\n\n\n\n<p><strong>Cualquier <em><u>omisi\u00f3n<\/u><\/em> de alg\u00fan requisito: SER\u00c1CAUSAL DE NULIDAD PARA PARTICIPAR EN LA CONVOCATORIA.<\/strong><\/p>\n\n\n\n<p><\/p>\n\n\n\n<p><\/p>\n","protected":false},"excerpt":{"rendered":"<p>2.- https:\/\/coordinadordecursocordoba.wordpress.com\/wp-content\/uploads\/2013\/08\/memo-procedimiento-administrativo-seleccion-coordinador-de-curso-25-julio-2013.pdf 3.- RESOLUCI\u00d3N MINISTERIAL N\u00ba 0967\/2009 \u2013 ALCANCE DE T\u00cdTULOS. https:\/\/coordinadordecursocordoba.files.wordpress.com\/2013\/08\/resolucion-nc2b0-967-alcance-de-titulos.pdf 4.- FUNCIONES Y ROL DEL COORDINADOR DE CURSO EN BLOG: coordinadordecursocordoba.wordpress.com Cualquier omisi\u00f3n de alg\u00fan requisito: SER\u00c1 CAUSAL DE NULIDAD PARA PARTICIPAR EN LA CONVOCATORIA. Cargo a cubrir: COORDINADOR\/A DE CURSO Link: https:\/\/ensleones-cba.infd.edu.ar\/sitio\/wp-content\/uploads\/2023\/09\/Cordinador-de-curso.pdf 2 &#8211; CURSO. https:\/\/coordinadordecursocordoba.files.wordpress.com\/2013\/08\/memo-procedimiento-administrativo-seleccion-coordinador-de-curso-25-julio-2013.pdf 3.- RESOLUCI\u00d3N MINISTERIAL N\u00ba 0967\/2009 \u2013 &#8230; <a title=\"Vacantes &#8211; Nivel Secundario\" class=\"read-more\" href=\"https:\/\/ensleones-cba.infd.edu.ar\/sitio\/vacantes-nivel-secundario\/\" aria-label=\"More on Vacantes &#8211; Nivel Secundario\">[+]<\/a><\/p>\n","protected":false},"author":5431,"featured_media":0,"parent":0,"menu_order":0,"comment_status":"closed","ping_status":"closed","template":"","meta":[],"acf":[],"_links":{"self":[{"href":"https:\/\/ensleones-cba.infd.edu.ar\/sitio\/wp-json\/wp\/v2\/pages\/1263"}],"collection":[{"href":"https:\/\/ensleones-cba.infd.edu.ar\/sitio\/wp-json\/wp\/v2\/pages"}],"about":[{"href":"https:\/\/ensleones-cba.infd.edu.ar\/sitio\/wp-json\/wp\/v2\/types\/page"}],"author":[{"embeddable":true,"href":"https:\/\/ensleones-cba.infd.edu.ar\/sitio\/wp-json\/wp\/v2\/users\/5431"}],"replies":[{"embeddable":true,"href":"https:\/\/ensleones-cba.infd.edu.ar\/sitio\/wp-json\/wp\/v2\/comments?post=1263"}],"version-history":[{"count":15,"href":"https:\/\/ensleones-cba.infd.edu.ar\/sitio\/wp-json\/wp\/v2\/pages\/1263\/revisions"}],"predecessor-version":[{"id":1603,"href":"https:\/\/ensleones-cba.infd.edu.ar\/sitio\/wp-json\/wp\/v2\/pages\/1263\/revisions\/1603"}],"wp:attachment":[{"href":"https:\/\/ensleones-cba.infd.edu.ar\/sitio\/wp-json\/wp\/v2\/media?parent=1263"}],"curies":[{"name":"wp","href":"https:\/\/api.w.org\/{rel}","templated":true}]}}